 71537466 a multiple of 462?
True
Does 3 divide 4429095?
True
Is 146972614 a multiple of 13?
False
Is 37300301 a multiple of 173?
False
Is 1384849450 a multiple of 50?
True
Is 35 a factor of 80244499?
False
Does 26 divide 182312234?
True
Is 377 a factor of 60202684?
False
Does 31 divide 536237448?
False
Is 185 a factor of 441953530?
True
Is 54002234 a multiple of 2431?
True
Is 38218096 a multiple of 4?
True
Is 2 a factor of 18262604?
True
Does 2630 divide 97291590?
True
Does 109 divide 17083554?
False
Is 26 a factor of 484120?
True
Is 540091425 a multiple of 418?
False
Is 46302212 a multiple of 1108?
True
Is 34310131 a multiple of 2?
False
Is 381586268 a multiple of 174?
False
Is 704004385 a multiple of 1505?
True
Does 9 divide 8494734?
False
Is 504 a factor of 249511133?
False
Does 705 divide 46147487?
False
Is 7082320 a multiple of 10?
True
Is 49 a factor of 1759874020?
False
Is 17 a factor of 2250467361?
True
Is 41 a factor of 1647473517?
False
Is 3117498962 a multiple of 4059?
False
Is 2192391274 a multiple of 2277?
False
Does 2 divide 37795598?
True
Is 6818007312 a multiple of 1704?
True
Is 49 a factor of 270283646?
False
Does 14 divide 1366879301?
False
Is 1665667322 a multiple of 605?
False
Is 173547728 a multiple of 13?
False
Does 348 divide 2476154676?
True
Is 1133292985 a multiple of 11?
True
Does 103 divide 3018276877?
True
Is 980357300 a multiple of 50?
True
Is 5408555 a multiple of 25?
False
Does 4982 divide 145342499?
False
Is 90 a factor of 67797303?
False
Is 3522 a factor of 1271966778?
True
Is 478015474 a multiple of 2914?
True
Is 35 a factor of 2450350?
True
Is 1179 a factor of 370951128?
True
Does 7 divide 14579828?
False
Is 206653766 a multiple of 11?
True
Is 70880815 a multiple of 995?
True
Is 128272012 a multiple of 22?
True
Is 12 a factor of 306395160?
True
Is 795448899 a multiple of 2401?
True
Does 668 divide 678065424?
True
Is 226 a factor of 1867379692?
True
Does 4 divide 6885664?
True
Is 57839535 a multiple of 6?
False
Is 148152900 a multiple of 4373?
False
Is 122358152 a multiple of 7?
True
Is 238817088 a multiple of 16?
True
Is 176111941 a multiple of 1236?
False
Is 53 a factor of 1316575703?
True
Does 675 divide 77633775?
True
Is 8 a factor of 3221786?
False
Is 218562266 a multiple of 350?
False
Does 8 divide 5563695?
False
Does 6 divide 52314162?
True
Is 20982497 a multiple of 22?
False
Is 1256547339 a multiple of 23?
True
Is 32476766 a multiple of 61?
True
Is 38842980 a multiple of 330?
True
Is 63 a factor of 2048949?
True
Is 180 a factor of 101123918?
False
Does 888 divide 1617388992?
True
Is 515438677 a multiple of 678?
False
Is 492243136 a multiple of 6608?
True
Does 4 divide 120936036?
True
Is 3 a factor of 37631298?
True
Is 2218 a factor of 26999714?
True
Is 10 a factor of 16597870?
True
Is 66 a factor of 21685158?
True
Is 2764776 a multiple of 98?
True
Does 3061 divide 2383303250?
False
Does 394 divide 150890777?
False
Does 2305 divide 824613823?
False
Is 34 a factor of 814210206?
True
Is 438810792 a multiple of 5064?
True
Is 4383 a factor of 238573868?
False
Is 215989037 a multiple of 2?
False
Does 40 divide 939991061?
False
Is 545 a factor of 14410782?
False
Is 1633232099 a multiple of 7?
False
Does 15 divide 14925727?
False
Does 311 divide 145772853?
True
Is 1215006314 a multiple of 173?
False
Does 2842 divide 206351936?
True
Is 1423 a factor of 1192156149?
False
Is 309668814 a multiple of 873?
True
Does 56 divide 135546488?
True
Is 432 a factor of 92948453?
False
Is 5 a factor of 32237160?
True
Does 36 divide 167354244?
True
Is 1167 a factor of 702486749?
False
Is 2409 a factor of 694514690?
False
Does 6 divide 173571424?
False
Is 19 a factor of 139838195?
True
Does 1283 divide 76113821?
False
Is 723266168 a multiple of 29?
False
Is 37256372 a multiple of 367?
True
Is 26852555 a multiple of 901?
False
Is 23 a factor of 132322979?
True
Is 990478782 a multiple of 6?
True
Is 41 a factor of 293000391?
True
Does 7 divide 2426546367?
True
Does 46 divide 75324544?
False
Is 217558770 a multiple of 3102?
True
Is 78 a factor of 88839972?
True
Does 72 divide 23958736?
False
Is 93 a factor of 18053346?
True
Does 296 divide 15116720?
True
Does 133 divide 5230337?
False
Is 32234076 a multiple of 884?
False
Is 397865321 a multiple of 7?
True
Is 3 a factor of 97433718?
True
Is 32 a factor of 25363547?
False
Does 28 divide 1445388?
True
Is 145 a factor of 57453862?
False
Is 876 a factor of 56936496?
True
Does 46 divide 125864096?
True
Is 284229440 a multiple of 55?
True
Does 70 divide 1759380896?
False
Is 194439144 a multiple of 39?
False
Does 337 divide 13930232?
True
Does 656 divide 96820098?
False
Does 38 divide 390428804?
False
Is 26198371 a multiple of 489?
False
Is 31116015 a multiple of 136?
False
Is 11432 a factor of 4962441796?
False
Is 49 a factor of 219327707?
False
Does 230 divide 678362000?
True
Is 1758462 even?
True
Is 31085904 a multiple of 258?
True
Does 52 divide 4236743?
False
Is 2518593959 a multiple of 7?
True
Is 193099798 a multiple of 279?
False
Does 5 divide 341688?
False
Is 614 a factor of 485098068?
True
Is 55 a factor of 49068732?
False
Is 230160309 a multiple of 502?
False
Is 321477673 a multiple of 1115?
False
Does 289 divide 292776163?
False
Is 506389728 a multiple of 398?
True
Is 45747437 a multiple of 21?
False
Is 10078600 a multiple of 161?
True
Is 199069679 a multiple of 1757?
False
Is 397847264 a multiple of 2543?
True
Is 70 a factor of 4499600?
True
Does 675 divide 233103150?
True
Is 104 a factor of 723931312?
True
Does 1666 divide 36052240?
True
Is 153 a factor of 11297259?
False
Does 34 divide 956822033?
False
Is 229 a factor of 1717271?
True
Is 1040 a factor of 2842320?
True
Is 10142010 a multiple of 90?
True
Is 56 a factor of 1573255462?
False
Is 6 a factor of 54860603?
False
Is 238 a factor of 8755741?
False
Is 162 a factor of 16637802?
False
Does 582 divide 69403500?
True
Does 8 divide 99310395?
False
Is 28 a factor of 68887500?
False
Is 34578740 a multiple of 2692?
True
Is 213612916 a multiple of 36?
False
Is 142 a factor of 505251519?
False
Is 686530662 a multiple of 74?
False
Does 1141 divide 9059749?
False
Is 11672768 a multiple of 2?
True
Does 7 divide 12079466?
True
Is 76502418 a multiple of 129?
True
Is 132 a factor of 581523624?
True
Is 112 a factor of 212383916?
False
Does 14 divide 1869235466?
True
Is 2308 a factor of 297332716?
True
Is 95892012 a multiple of 1026?
True
Is 10 a factor of 19806705?
False
Is 64880712 a multiple of 36?
True
Is 97928738 a multiple of 34?
True
Is 3 a factor of 13406945?
False
Does 110 divide 275397430?
True
Is 237 a factor of 557971488?
False
Does 71 divide 2221959338?
False
Is 133 a factor of 8799150?
False
Is 51 a factor of 860353601?
False
Is 53999048 a multiple of 36?
False
Is 450 a factor of 239132250?
True
Is 4008 a factor of 17255700?
False
Does 53 divide 287788316?
False
Is 31 a factor of 219366478?
True
Is 954 a factor of 191771074?
False
Does 952 divide 213480361?
False
Is 4323204 a multiple of 15?
False
Does 32 divide 21388777?
False
Is 216 a factor of 206222112?
True
Does 33 divide 5878985?
False
Does 441 divide 25445259?
True
Is 19398444 a multiple of 8?
False
Is 86 a factor of 401035286?
True
Is 288 a factor of 5062448?
False
Does 3094 divide 41561054?
False
Is 35 a factor of 399000210?
True
Is 3772 a factor of 125701900?
True
Is 786 a factor of 1010174573?
False
Does 24 divide 11483424?
True
Is 690345417 a multiple of 430?
False
Does 122 divide 69507958?
False
Does 10 divide 1003956890?
True
Does 25 divide 102822925?
True
Is 16315155 a multiple of 5?
True
Does 885 divide 75052425?
True
Does 495 divide 156493260?
True
Is 34 a factor of 98282984?
True
Is 2151740 a multiple of 38?
False
Is 80 a factor of 16282480?
True
Does 33 divide 45409056?
True
Is 108 a factor of 1255787820?
True
Does 1192 divide 241273912?
True
Does 129 divide 22675878?
True
Is 337283508 a multiple of 2388?
True
Does 4 divide 363187056?
True
Does 1062 divide 45650070?
True
Is 1384 a factor of 40011440?
True
Does 1070 divide 48663218?
False
Is 826 a factor of 75614518?
True
Is 68 a factor of 340183374?
False
Is 201851494 a multiple of 18?
False
Is 20856120 a multiple of 24?
True
Does 54 divide 86952606?
False
Is 39 a factor of 41611549?
False
Is 3062615